{"id":187,"date":"2020-01-31T11:32:41","date_gmt":"2020-01-31T11:32:41","guid":{"rendered":"http:\/\/localhost\/wordpress\/?page_id=187"},"modified":"2024-07-25T16:30:56","modified_gmt":"2024-07-25T13:30:56","slug":"historique","status":"publish","type":"page","link":"https:\/\/www.fofifa.mg\/historique\/","title":{"rendered":"La plus importante institution\u00a0de recherche Agricole \u00e0 Madagascar"},"content":{"rendered":"<style type=\"text\/css\"><span data-mce-type=\"bookmark\" style=\"display: inline-block; width: 0px; overflow: hidden; line-height: 0;\" class=\"mce_SELRES_start\">\ufeff<\/span><span data-mce-type=\"bookmark\" style=\"display: inline-block; width: 0px; overflow: hidden; line-height: 0;\" class=\"mce_SELRES_start\">\ufeff<\/span><br \/><!-- .style1 {color: #006600} .style4 {color: #006600; font-weight: bold; } .style5 {color: #FFFFFF} h1 { color: #F30A0E; } .alaune { Width : 800px; height: 50px; background-color: #D5D0D0; border-top-left-radius: 20px; border-bottom-right-radius: 20px; font-family: Constantia, \"Lucida Bright\", \"DejaVu Serif\", Georgia, serif; font-size: 24px; font-weight: bold; Color : #006600; border-bottom: thick solid #006600; font-style: oblique; border-left-width: 15px; border-right-width: 15px; border-top-width: 15px; text-align: left; margin-top: 2px; font-variant: small-caps; } #centre .alaune { } #centre .alaune { } .alaune1 { float: left; width: 440px; height: 150px; margin-top: 10px; padding: 0px; border-bottom-color: #1E561C; border-bottom-style: solid; font-family: Verdana, Arial, Helvetica, sans-serif; font-size: 11px; font-variant: small-caps; font-style: normal; font-weight: normal; line-height: 5mm; Link : #000000; text-decoration: none; } .alaune2 { float: right; width: 440px; height: 150px; margin-left: 5px; margin-top: 10px; padding: 0px; border-bottom-color: #1E561C; border-bottom-style: solid; font-family: Verdana, Arial, Helvetica, sans-serif; font-size: 11px; font-variant: small-caps; font-style: normal; font-weight: normal; line-height: 5mm; Link : #000000; } .sary { float: right; width: auto; height: auto; border: medium; border: solid; padding-top: 0px; padding-right: 15px; padding-left: 15px; padding-bottom: 0px; border: #2A2A2A } a:link { text-decoration:none; } #masterb { width: 950px; height: auto; border: 1px solid #FFFFFF; padding: 0px; margin-left:auto; margin-right:auto; } #mastera { width: 900px; height: auto; padding: 0px; margin-left:auto; margin-right:auto; border: 1px solid #FFFFFF; background-color: #FFFFFF; } .H1 { font-family: arial; font-weight: bold; color: #0000a0; font-size: medium; } #menu { float: left; width: 250px; height: auto; margin: 0px; padding: 0px; border: 2px; list-style-position: outside; list-style-image: url(images\/gr_tri1.gif); background-color: #687F61; line-height: 8em; font-family: Verdana, Arial, Helvetica, sans-serif; font-size: 13px; font-weight: bold; color: #3A3B3A; font-variant: small-caps; font-style: normal; cursor: w-resize; } .actualites { font-family: Verdana, Arial, Helvetica, sans-serif; font-size: 10px; font-style: normal; text-transform: uppercase; border-top-style: none; border-right-style: none; border-bottom-style: none; border-left-style: none; font-weight: lighter; color: #006600; line-height: 3mm; border-top-color: #006600; border-right-color: #006600; border-bottom-color: #006600; border-left-color: #006600; font-variant: small-caps; } .pdf { list-style-image: url(images\/logo_pdf.jpg); list-style-position: inside; page-break-before: right; } .saut { clear: both; } .sary { float: right; height: 200px; width: 180px; padding: 0px; } #centre { float: right; width: 950px; height: auto; border: 3px solid #868584; font-family: Verdana, Arial, Helvetica, sans-serif; font-size: 12px; font-style: italic; line-height: 2em; font-weight: normal; border-top-left-radius: 20px; border-top-right-radius: 20px; border-bottom-right-radius: 20px; border-bottom-left-radius: 20px; margin-top: 1cm; list-style-image: url(images\/arrows.gif); background-color: #FFFFFF; } .H2 { font-family: Arial, Helvetica, sans-serif; font-size: 12px; font-style: italic; color: #003399; font-weight: bold; } .paragraphe { font-family: Verdana, Arial, Helvetica, sans-serif; font-size: 12px; font-style: normal; line-height: 1.5em; color: #000000; margin: 2em; padding: 0em; text-align: justify; list-style-image: url(images\/arrows.gif); } .zoom { height:400px; margin:auto; } .zoom p { text-align:center; } .zoom img { width:240px; height:120px; } .zoom img:hover { width:320px; height:240px; } .menu { font-family: Verdana, Arial, Helvetica, sans-serif; font-size: 10px; font-style: normal; line-height: 2em; font-weight: bold; color: #3A3B3A; font-variant: small-caps; background-color: #B9C0B9; } a:link { text-decoration:none; } --><br \/><\/style>\n<div id=\"masterb\">\n<div align=\"center\">\n<div id=\"centre\">\n<div class=\"alaune\">L\u2019appui direct au d\u00e9veloppement<\/div>\n<div class=\"paragraphe\">\n<div class=\"alaune1\">\n<div class=\"sary\"><img decoding=\"async\" src=\"https:\/\/www.fofifa.mg\/wp-content\/uploads\/2022\/12\/318437406_518769786955071_4241868094985496899_a.jpg\"><\/div>\n<p>LE RIZ ETUVE: ALIMENT ENRICHI, ADAPTE AUX DIABETIQUES<a href=\"https:\/\/www.fofifa.mg\/?page_id=4539&amp;preview=true\">La journ\u00e9e scientifique organis\u00e9 \u00e0 l\u2019h\u00f4tel Panorama par l&rsquo;Africarice et le FOFIFA du 06 D\u00e9cembre 2022 a permis de pr\u00e9senter les r\u00e9sultats de recherche en mati\u00e8re du riz \u00e9tuv\u00e9.<\/a><\/p>\n<\/div>\n<div class=\"alaune1\">\n<div class=\"sary\"><img decoding=\"async\" src=\"https:\/\/www.fofifa.mg\/wp-content\/uploads\/2022\/12\/IMG_4717-2.jpg\"><\/div>\n<p>Journ\u00e9es Scientifiques du DP For\u00eats et Biodiversit\u00e9 (DBFB)<a href=\"https:\/\/www.fofifa.mg\/?page_id=4507&amp;preview=true\">Le DBFB est un consorium qui rassemble le FOFIFA, l&rsquo;universit\u00e9 d&rsquo;Antananarivo et le CIRAD qui joignent leur force pour faire des recherches et de la formation sur le th\u00e8me de la conservation et de la valorisation de la biodiversit\u00e9 \u00e0 Madagascar<\/a><\/p>\n<\/div>\n<div class=\"alaune1\">\n<div class=\"sary\"><img decoding=\"async\" src=\"https:\/\/www.fofifa.mg\/wp-content\/uploads\/2020\/06\/cafe-sauvage.jpg\"><\/div>\n<p>CEREMONIE DE LANCEMENT OFFICIEL DU PROJET CAFE RATELO ARABICA<a href=\"https:\/\/www.fofifa.mg\/?p=4398\">Le d\u00e9marrage officiel du projet CAFE RATELO s\u2019est tenu \u00e0 la Direction G\u00e9n\u00e9rale du FOFIFA \u00e0 Ampandrianomby le vendredi 11 novembre 2022 <\/a><\/p>\n<\/div>\n<div class=\"alaune1\">\n<div class=\"sary\"><img decoding=\"async\" src=\"https:\/\/www.fofifa.mg\/wp-content\/uploads\/2022\/07\/288623127_399998712165513_6922685821432161845_nbis-2.jpg\"><\/div>\n<p>Atelier de lancement de VARUNA Science de la Durabilit\u00e9 et VARUNA Living&rsquo; Forest<a href=\"https:\/\/www.fofifa.mg\/?page_id=4005&amp;preview=true\">Le d\u00e9marrage officiel des projets VARUNA Science de la Durabilit\u00e9 et VARUNA Living&rsquo; Forest s\u2019est tenu \u00e0 l&rsquo;h\u00f4tel Colbert les 13,14 et15 juin 2022 &#8230; <\/a><\/p>\n<\/div>\n<div class=\"alaune1\">\n<div class=\"sary\"><img decoding=\"async\" src=\"https:\/\/www.fofifa.mg\/wp-content\/uploads\/2022\/06\/logofyvary.jpg\"><\/div>\n<p>Projet Fy Vary : RECHERCHES D&rsquo;AUJOURD&rsquo;HUI, PRODUCTION DE DEMAIN<a href=\"https:\/\/www.fofifa.mg\/?page_id=3908&amp;preview=true\">Le Projet de recherche international &#8211; FY VARY, un acronyme de \u00ab\u00a0Fertility sensing and Variety Amelioration for Rice Yield\u00a0\u00bb &#8230; <\/a><\/p>\n<\/div>\n<div class=\"alaune1\">\n<div class=\"sary\"><img decoding=\"async\" src=\"https:\/\/www.fofifa.mg\/wp-content\/uploads\/2022\/05\/logomakis.jpg\"><\/div>\n<p><a href=\"https:\/\/www.fofifa.mg\/?page_id=3853&amp;preview=true\">LANCEMENT DU PROJET Malagasy Agricultural Knowledge and Innovation System (MAKIS)<\/a><\/p>\n<p>Hotel Colbert, 20 Mai 2022<\/p>\n<p>&nbsp;<\/p>\n<\/div>\n<div class=\"alaune1\">\n<div class=\"sary\"><img decoding=\"async\" src=\"https:\/\/www.fofifa.mg\/wp-content\/uploads\/2022\/05\/logo-bocontrole.png\"><\/div>\n<p><a href=\"https:\/\/www.fofifa.mg\/?page_id=3852&amp;preview=true\">CEREMONIE DE LANCEMENT DU DISPOSITIF PARTENARIAL EN BIOCONTROLE DANS L\u2019OCEAN INDIEN<\/a><\/p>\n<p>&nbsp;<\/p>\n<\/div>\n<div class=\"alaune1\">\n<div class=\"sary\"><img decoding=\"async\" src=\"https:\/\/www.fofifa.mg\/wp-content\/uploads\/2022\/05\/logo-foodsec.png\"><\/div>\n<p><a href=\"https:\/\/www.fofifa.mg\/?page_id=3790&amp;preview=true\">Inauguration du laboratoire de diagnostic et d\u2019identification des bioagresseurs des cultures, des serres d\u2019exp\u00e9rimentation et de production au D\u00e9partement des Recherches Agronomiques du FOFIFA Ambatobe <\/a><\/p>\n<p>&nbsp;<\/p>\n<\/div>\n<div class=\"alaune1\">\n<div class=\"sary\"><img decoding=\"async\" src=\"https:\/\/www.fofifa.mg\/wp-content\/uploads\/2022\/05\/logo-darwin.png\"><\/div>\n<p><a href=\"https:\/\/www.fofifa.mg\/?page_id=3471\">PROJET DARWIN INITIATIVE<br \/>\n\u00abLes l\u00e9gumes traditionnels africains renforcent la s\u00e9curit\u00e9 alimentaire et<br \/>\nnutritionnelle \u00e0 Madagascar \u00bb<\/a><\/p>\n<p>&nbsp;<\/p>\n<\/div>\n<div class=\"alaune1\">\n<div class=\"sary\"><img decoding=\"async\" src=\"https:\/\/www.fofifa.mg\/wp-content\/uploads\/2022\/03\/porc.jpg\"><\/div>\n<p>PROJET TENIOSE-CYSTICERCOSE A MADAGASCAR<br \/>\n&#8211; <a href=\"https:\/\/www.fofifa.mg\/?page_id=3531&amp;preview=true\">\u00ab Validation du mod\u00e8le \u00e9volutif et durable pour le contr\u00f4le du Taenia solium bas\u00e9 sur la vaccination des porcs \u00bb<\/a><br \/>\n&#8211; <a href=\"https:\/\/www.fofifa.mg\/?page_id=3388\">Ady atao amin\u2019ny sakoitra sy ny voavary \u00ab&nbsp;Teniose-cysticercose&nbsp;\u00bb<\/a><\/p>\n<p>&nbsp;<\/p>\n<\/div>\n<div class=\"alaune1\">\n<div class=\"sary\"><img decoding=\"async\" src=\"https:\/\/www.fofifa.mg\/wp-content\/uploads\/2022\/03\/darwin.jpg\"><\/div>\n<p>CONFERENCE NATIONALE DU PROJET DARWIN INITIATIVE<br \/>\n<a href=\"https:\/\/www.fofifa.mg\/?page_id=3471&amp;preview=true\">Les l\u00e9gumes traditionnels africains renforcent la s\u00e9curit\u00e9 alimentaire et nutritionnelle \u00e0 Madagascar.<br \/>\n<\/a><\/p>\n<\/div>\n<div class=\"alaune1\">\n<div class=\"sary\"><img decoding=\"async\" src=\"https:\/\/www.fofifa.mg\/wp-content\/uploads\/2022\/03\/Fyvary.jpg\"><\/div>\n<p>Projet FY VARY : Remise de nouvelles vari\u00e9t\u00e9s de riz<\/p>\n<p><a href=\"https:\/\/www.fofifa.mg\/?page_id=3448\">FyVary 32 et FyVary 85<br \/>\n<\/a><\/p>\n<\/div>\n<div class=\"alaune1\">\n<div class=\"sary\"><img decoding=\"async\" src=\"https:\/\/www.fofifa.mg\/wp-content\/uploads\/2022\/03\/riz_etuve.jpg\"><\/div>\n<p>Partenariat FOFIFA ET AFRICA RICE<br \/>\n<a href=\"https:\/\/www.fofifa.mg\/?page_id=3433\">LE RIZ ETUVE REFAIT SURFACE\u00a0\u00bb&gt;<br \/>\n<\/a><\/p>\n<\/div>\n<p>&nbsp;<\/p>\n<\/div>\n<\/div>\n<\/div>\n<\/div>\n","protected":false},"excerpt":{"rendered":"<p>L\u2019appui direct au d\u00e9veloppement LE RIZ ETUVE: ALIMENT ENRICHI, ADAPTE AUX DIABETIQUESLa journ\u00e9e scientifique organis\u00e9 \u00e0 l\u2019h\u00f4tel Panorama par l&rsquo;Africarice et le FOFIFA du 06 D\u00e9cembre 2022 a permis de &hellip; <\/p>\n","protected":false},"author":1,"featured_media":8289,"parent":0,"menu_order":0,"comment_status":"closed","ping_status":"closed","template":"","meta":{"_monsterinsights_skip_tracking":false,"_monsterinsights_sitenote_active":false,"_monsterinsights_sitenote_note":"","_monsterinsights_sitenote_category":0,"ngg_post_thumbnail":0,"footnotes":""},"class_list":["post-187","page","type-page","status-publish","has-post-thumbnail","hentry","latest_post"],"aioseo_notices":[],"_links":{"self":[{"href":"https:\/\/www.fofifa.mg\/wp-json\/wp\/v2\/pages\/187","targetHints":{"allow":["GET"]}}],"collection":[{"href":"https:\/\/www.fofifa.mg\/wp-json\/wp\/v2\/pages"}],"about":[{"href":"https:\/\/www.fofifa.mg\/wp-json\/wp\/v2\/types\/page"}],"author":[{"embeddable":true,"href":"https:\/\/www.fofifa.mg\/wp-json\/wp\/v2\/users\/1"}],"replies":[{"embeddable":true,"href":"https:\/\/www.fofifa.mg\/wp-json\/wp\/v2\/comments?post=187"}],"version-history":[{"count":65,"href":"https:\/\/www.fofifa.mg\/wp-json\/wp\/v2\/pages\/187\/revisions"}],"predecessor-version":[{"id":8290,"href":"https:\/\/www.fofifa.mg\/wp-json\/wp\/v2\/pages\/187\/revisions\/8290"}],"wp:featuredmedia":[{"embeddable":true,"href":"https:\/\/www.fofifa.mg\/wp-json\/wp\/v2\/media\/8289"}],"wp:attachment":[{"href":"https:\/\/www.fofifa.mg\/wp-json\/wp\/v2\/media?parent=187"}],"curies":[{"name":"wp","href":"https:\/\/api.w.org\/{rel}","templated":true}]}}